{"id":64,"date":"2017-11-05T00:08:21","date_gmt":"2017-11-05T00:08:21","guid":{"rendered":"http:\/\/essummt.imkerverein-ruderting.de\/?page_id=64"},"modified":"2023-02-13T13:21:48","modified_gmt":"2023-02-13T13:21:48","slug":"ueber-die-biene","status":"publish","type":"page","link":"http:\/\/essummt.imkerverein-ruderting.de\/?page_id=64","title":{"rendered":"\u00dcber die Biene"},"content":{"rendered":"<p>Bei den Nutztieren steht die Biene nach Rind und Schwein an dritter Stelle. Die Bienen geh\u00f6ren zu den Hautfl\u00fcglern. Weltweit wird die Zahl der Bienenarten auf rund 20.000 gesch\u00e4tzt. Davon sind in Deutschland etwa 500 Arten heimisch. Wir sprechen hier von der heimischen Honigbiene. Sie z\u00e4hlt zu den staatenbildenden Insekten<strong>.<\/strong><\/p>\n<h4><strong>Im Sommer geh\u00f6ren zu einem Bienenvolk:<\/strong><\/h4>\n<ol>\n<li>eine K\u00f6nigin als begattetes Weibchen (Weisel)<\/li>\n<li>mehrere Hundert Drohnen (m\u00e4nnliche Bienen) und<\/li>\n<li>30.000 bis 60.000 Arbeiterinnen<\/li>\n<\/ol>\n<p>Ein Bienenvolk \u00fcberwintert mit etwa 15.000 Bienen.<\/p>\n<p><img loading=\"lazy\" decoding=\"async\" class=\"\" src=\"http:\/\/file1.npage.de\/005710\/11\/bilder\/bienestaat001.jpg\" alt=\"Bildergebnis f\u00fcr drohne arbeiterin k\u00f6nigin\" width=\"565\" height=\"222\" \/><\/p>\n<h5><\/h5>\n<p>Zun\u00e4chst sind sie Putzbienen, dann Ammenbienen f\u00fcr die Bienenlarven, dann Baumeister der Waben. Sie bereiten den begehrten Honig, verarbeiten eingetragenen Pollen (Bl\u00fctenstaub) und bilden den k\u00f6niglichen Futtersaft (Gelee Royale). Schlie\u00dflich fliegen sie aus, um Vorr\u00e4te zu sammeln. Mit Hilfe ihrer Tanzsprache k\u00f6nnen Honigbienen den Kolleginnen im Stock (Nest) mitteilen, wo sich eine ergiebige Futterquelle befindet. F\u00fcr 300 g Honig mu\u00df die Biene rund 20.000-mal ausfliegen oder anders betrachtet, f\u00fcr 1 Glas Honig (1 Pfund) dreimal um den Erdkreis fliegen. Von der Leistung, die das Einzelvolk erbringt, kann der Imker den \u00dcberschu\u00df ernten (10 bis 30 kg pro Jahr). Von einem Sammelflug bringt eine Arbeiterin 25 bis 30 mg Nektar oder bis zu 2,3 Millionen Pollenk\u00f6rner zum heimischen Volk (Stock) zur\u00fcck. Arbeiterinnen k\u00f6nnen bis 1\/3 ihres K\u00f6rpergewichts an Nektar oder Pollen im Fluge transportieren. Mit 180 bis 250 Fl\u00fcgelschl\u00e4gen pro Sekunde erreichen Bienen eine Fluggeschwindigkeit von bis zu 30 km\/h.<\/p>\n<p>Bienen sind ein wichtiges Bindeglied in vielen nat\u00fcrlichen Lebensgemeinschaften. Bei ihrem Flug von Bl\u00fcte zu Bl\u00fcte \u00fcbernehmen sie ganz nebenbei auch die Best\u00e4ubung der Bl\u00fcten. So sorgen sie bei Wild- und Naturpflanzen f\u00fcr reichen Fruchtansatz und sichern damit auch Wildtieren die Nahrungsgrundlage. F\u00fcr Obstbauern und Landwirte sind Bienen unverzichtbare Helfer. Die Best\u00e4ubung darf nicht dem Zufall \u00fcberlassen bleiben. Bienenv\u00f6lker sind notwendig. Imker wandern gezielt mit ihren V\u00f6lkern in die Obst- und Rapsbl\u00fcte.<\/p>\n<h4><strong>Best\u00e4ubungsleistung durch Insekten bei Obstkulturen:<\/strong><\/h4>\n<p><img loading=\"lazy\" decoding=\"async\" class=\"\" src=\"http:\/\/imkerverein-ruderting.de\/images\/diagramm_bee.png\" width=\"637\" height=\"216\" \/><\/p>\n<p>Wachs f\u00fcr die Waben erzeugen die Bienen selbst, indem sie es schwitzen (Wachsdr\u00fcsen am Hinterleib). F\u00fcr 1 g Wachs schwitzen sie etwa 1250 Wachspl\u00e4ttchen.<\/p>\n","protected":false},"excerpt":{"rendered":"<p>Bei den Nutztieren steht die Biene nach Rind und Schwein an dritter Stelle. Die Bienen geh\u00f6ren zu den Hautfl\u00fcglern. Weltweit wird die Zahl der Bienenarten auf rund 20.000 gesch\u00e4tzt. Davon &#8230;<\/p>\n","protected":false},"author":1,"featured_media":0,"parent":0,"menu_order":0,"comment_status":"closed","ping_status":"closed","template":"","meta":{"footnotes":""},"class_list":["post-64","page","type-page","status-publish","hentry"],"_links":{"self":[{"href":"http:\/\/essummt.imkerverein-ruderting.de\/index.php?rest_route=\/wp\/v2\/pages\/64","targetHints":{"allow":["GET"]}}],"collection":[{"href":"http:\/\/essummt.imkerverein-ruderting.de\/index.php?rest_route=\/wp\/v2\/pages"}],"about":[{"href":"http:\/\/essummt.imkerverein-ruderting.de\/index.php?rest_route=\/wp\/v2\/types\/page"}],"author":[{"embeddable":true,"href":"http:\/\/essummt.imkerverein-ruderting.de\/index.php?rest_route=\/wp\/v2\/users\/1"}],"replies":[{"embeddable":true,"href":"http:\/\/essummt.imkerverein-ruderting.de\/index.php?rest_route=%2Fwp%2Fv2%2Fcomments&post=64"}],"version-history":[{"count":6,"href":"http:\/\/essummt.imkerverein-ruderting.de\/index.php?rest_route=\/wp\/v2\/pages\/64\/revisions"}],"predecessor-version":[{"id":256,"href":"http:\/\/essummt.imkerverein-ruderting.de\/index.php?rest_route=\/wp\/v2\/pages\/64\/revisions\/256"}],"wp:attachment":[{"href":"http:\/\/essummt.imkerverein-ruderting.de\/index.php?rest_route=%2Fwp%2Fv2%2Fmedia&parent=64"}],"curies":[{"name":"wp","href":"https:\/\/api.w.org\/{rel}","templated":true}]}}